3, 17
Suppose c + 0*o - 5*o - 1135 = 0, c - 2*o = 1138. Let m be -3 - 1 - c/10. Let u = m - -205. List the prime factors of u.
3, 29
Suppose 0 = 18*z - 19*z + 4. Suppose -733 = -2*y - b, 0 = 5*b - z + 19. What are the prime factors of y?
2, 23
Let v be 15/45*(-12)/(-2). Suppose 0 = -4*m - 101 + 757. Suppose 4*y = 5*b + m, 2*b - 60 = -v*y - b. List the prime factors of y.
2, 3
Let q = 27642 - 8996. What are the prime factors of q?
2, 9323
Let t(z) = -5*z + 12. Let x(o) = o**3 + 6*o**2 - 7*o + 2. Let j be x(-7). Suppose -j*b - 2*w = b + 16, 2*w = 4*b + 26. List the prime factors of t(b).
2, 3, 7
What are the prime factors of (-561750)/(-110) + -8 - (-6)/33?
5099
Suppose 5*d - 4*d = 0. Suppose 49*c - 53*c + 964 = d. What are the prime factors of c?
241
Suppose -10*v = -6*v - 2*n - 34198, 0 = -4*n + 20. What are the prime factors of v?
2, 1069
Let m(l) = 4042*l - 1932. What are the prime factors of m(5)?
2, 13, 19, 37
Let p = -365 + 346. Let f(t) = 3*t**2 + 2*t + 404. List the prime factors of f(p).
3, 7, 23
Suppose 27*b + 856 - 4798 = 0. Let g be (-1328)/(-3) - 5/(-15). Suppose -g = -3*u - b. What are the prime factors of u?
3, 11
List the prime factors of 3550 + (-48)/6 - -10.
2, 3, 37
List the prime factors of -5*1 + -1914*11/(264/(-900)).
2, 5, 7177
Let w be (-6 - (-6)/1)/3. Suppose -17 = -4*u + 5*v, u + w*v = -v + 11. List the prime factors of u.
2
Let h(u) = 80*u**2. Let t be h(-1). Suppose -2244 = 74*c - t*c. List the prime factors of c.
2, 11, 17
Suppose -12*g + 635 + 2953 = 0. Suppose -3*n + 202 = -5*j - g, -4*j = 0. List the prime factors of n.
167
Let z(h) = -h**2 + 2*h + 2. Let p(u) = 17*u**2 - 21*u - 51. Let r(t) = p(t) + 4*z(t). List the prime factors of r(-11).
7, 239
Let y be 66 + (-2 + 1 - 2). Let k = y + -63. Suppose -3*w - 84 = -2*m - 2*w, k = -m + w + 41. What are the prime factors of m?
43
Let p(t) = 3*t - 2*t - 4*t + 0*t + 29*t**2 + 90*t**2 + 12. List the prime factors of p(3).
2, 3, 179
Suppose 0 = -8*x + 48505 - 10561. Suppose x = 26*v - 2043. What are the prime factors of v?
3, 29
Let m(z) = -z**3 - z - 1. Let k(g) = -3*g**3 + 3*g**2 + 12*g + 29. Let q(v) = k(v) + 3*m(v). What are the prime factors of q(-4)?
2, 211
Suppose -7*m - 1450 = -11992. Suppose 5*h - 11*h + m = 0. Suppose 0 = 5*j + 3*t - h, 86 = 4*j + 4*t - 110. List the prime factors of j.
2, 13
Suppose -174 = -5*b + 6. Let v = b + -42. What are the prime factors of 3/v + (-10)/(-4)?
2
Let y(c) = 105*c**2 - 52*c + 345. List the prime factors of y(9).
2, 3, 11, 127
List the prime factors of -5 + 2 + (-2 + (-5)/(-3))*-18471.
2, 17, 181
Suppose 11*l - 7*l = -22*l + 148538. List the prime factors of l.
29, 197
Let t(k) = 38*k**2 + 22*k + 11. Let j be t(4). Let s = 159 + 131. Suppose 4*p - v - s = 2*p, 0 = -5*p - 2*v + j. What are the prime factors of p?
11, 13
Suppose 16603357 = 158*k + 133*k - 20*k. List the prime factors of k.
197, 311
Suppose -144172 = -21*q - 4669. What are the prime factors of q?
7, 13, 73
Let q(y) = -2*y**2 - 38*y - 234. Let u be q(-16). Let k = 261 + u. What are the prime factors of k?
3, 41
Let s(o) = -o - 14. Let p(z) = -z - 13. Let g(v) = 2*p(v) - 3*s(v). Let x be g(-18). List the prime factors of 125 + (-2 - -12)/x.
2, 3, 5
Let r = 1687 - 1250. What are the prime factors of r?
19, 23
Let i = 10339 + -5703. What are the prime factors of i?
2, 19, 61
Let z(j) = -4364*j - 1368. List the prime factors of z(-6).
2, 3, 11, 47
Suppose n = -2*n + z + 8, 2*z = 3*n - 10. Let k be ((-165)/99)/((-5)/15). Suppose 2*l - 3*l + 144 = -w, -k*w = n*l - 295. What are the prime factors of l?
5, 29
Suppose 0 = 5*d - d - 608. Let x(v) = 22*v + 37. Let l be x(-4). Let g = l + d. List the prime factors of g.
101
Let x(r) = -20*r**3 + 3*r**2 + 7*r + 13. Let m be x(-5). Suppose 0 = -2*j + 5*o + m, 5546 - 400 = 4*j - 2*o. What are the prime factors of j?
1289
Let q(h) = 49*h**3 - 2*h**2 - 6*h + 24. Suppose 5*w - 27 = -4*b - 8, -w - 1 = -4*b. List the prime factors of q(w).
3, 19, 23
Let r(f) be the second derivative of -6*f - 2*f**3 - 23/2*f**2 + 0. List the prime factors of r(-6).
7
Let y be ((-4)/(-8))/(5/20). Suppose y*b - 536 = 1584. What are the prime factors of b?
2, 5, 53
Let t = 5937 + 26967. List the prime factors of t.
2, 3, 457
Suppose 0 = -8*g + 256 - 1936. Let b = -124 - g. List the prime factors of b/(((-4)/14)/(9/(-21))).
3, 43
Let i = 39451 + -23633. List the prime factors of i.
2, 11, 719
Let p = -1987 + 11095. List the prime factors of p.
2, 3, 11, 23
Let g = -48 - -21. Let d be (-3)/(g/15)*3. Suppose 0 = d*u - 3*b + 5*b - 487, 4*u - 4*b = 384. What are the prime factors of u?
97
What are the prime factors of (-6410)/(-25 + (-4844)/(-196))?
5, 7, 641
List the prime factors of (-2 - 114/(-12))*2*(-6668)/(-12).
5, 1667
Suppose 2*n = 140 + 196. Suppose 134 = n*m - 167*m. List the prime factors of m.
2, 67
Suppose 3*t + t = 3*q - 81, 5*t + 93 = q. Let s(h) = 2*h**2 + 32*h - 33. What are the prime factors of s(t)?
3, 13
Let f be (-3 + -1 + 6)*4. Let d be (120/75)/((-1824)/(-910) - 2). Suppose -d = x - f*x. List the prime factors of x.
2, 13
Let b be 235/(-4) - 40/32. List the prime factors of 2 + 15/(b/(-376)).
2, 3
Let f(k) = -182*k**2 + 16*k + 50. Let t be f(-5). List the prime factors of t/(-12) + 4/(-6).
3, 127
Let q be ((-297)/(-18))/(2/4). Suppose -161 = -f - 5*g - q, -5*f + 640 = 5*g. What are the prime factors of f?
2
Let n = 55 - 37. Let v be (3/(-2))/((-9)/n). Suppose v*y = -y + 88. What are the prime factors of y?
2, 11
Let w(n) = n**3 - 6*n**2 + 8*n + 5. Suppose 2*s = -s + 30. Suppose 0 = s*k - 6*k - 24. What are the prime factors of w(k)?
53
Suppose -18*i = -11*i - 21. Suppose -5*p + 6 = -i*p. Suppose p*b - 69 = 105. What are the prime factors of b?
2, 29
Let a = 87 - 78. Suppose -2*i = 11*r - a*r - 460, r - 5*i - 224 = 0. List the prime factors of r.
229
Let a = -10684 + 10686. Let p(g) be the third derivative of 15*g**4/8 + 5*g**3/3 - g**2. List the prime factors of p(a).
2, 5
Let z = 452 - 450. Suppose -308 = -z*p + 426. List the prime factors of p.
367
Suppose 0 = 61*f - 21*f - 229960. List the prime factors of f.
5749
Let q(i) = i**2 + 45*i + 86. Let f be q(-43). Suppose 3*v + 8 - 5 = f, -5*a - 2*v = -523. What are the prime factors of a?
3, 5, 7
Let s = -8954 - -18992. List the prime factors of s.
2, 3, 7, 239
Suppose -7*x - 2 = -9*x. Suppose 0 = q + q - n - 2149, -n = x. List the prime factors of q.
2, 3, 179
What are the prime factors of 303/(-8*4/(-608))?
3, 19, 101
Let o be (0 - (1 - -2)) + (15 - 2). Let t = 97 - 9. Let u = o + t. What are the prime factors of u?
2, 7
List the prime factors of ((-2)/3)/((230/23)/(-60)) - -34440.
2, 79, 109
Suppose 0 = 3*z - 5*n - 134539, 19*z - 22*z + 134459 = 5*n. List the prime factors of z.
107, 419
List the prime factors of 18846 - 13 - 32/2.
31, 607
Suppose 8*c = -153 - 279. Let j = c - -57. Suppose -2*k + 213 = -m, -j*m + 101 = k + 2*m. What are the prime factors of k?
2, 53
What are the prime factors of 755*3 - 2*(-7)/28*0?
3, 5, 151
Let h(z) = -27*z. Let d(a) = a**3 - 7*a**2 + 9*a + 2. Let m be d(5). Let r be h(m). Let q = 147 - r. What are the prime factors of q?
2, 3, 11
Suppose 9 = 4*s - 71. Let f be (-12)/s - (-9)/15. Suppose f*t - 206 = -t. What are the prime factors of t?
2, 103
Let j = 192 + -690. Let n = j + 890. What are the prime factors of n?
2, 7
Suppose 4*o = -4*q + 712, 5*q + 312*o - 888 = 308*o. What are the prime factors of q?
2, 11
List the prime factors of ((-1280268)/88)/(-3)*20/3.
2, 5, 53, 61
Let j(o) = 1143*o - 41 - 62 - 1190*o. What are the prime factors of j(-15)?
2, 7, 43
Let w(y) = 4*y**3 - 8*y**2 - 10*y - 32. Let o be w(8). Suppose 3*a + 5696 = 4*m, 7*a - o = -m + 9*a. List the prime factors of m.
2, 89
Let n be (-32)/(-80) - (-16)/10. Let i be (2/3)/(n/213). Suppose 337 = 6*r - i. List the prime factors of r.
2, 17
Let g(w) = 6*w - 1. Let x be g(1). Suppose 3*b - x*b = -88. Suppose 3*n + 252 = 3*q, 0 = -4*q - 2*n + 350 - b. List the prime factors of q.
79
Let n = 177 + 305. Let t be -2 + n + (-4)/2. Suppose -5*h + 310 = 2*b - t, -5*h = 3*b - 787. What are the prime factors of h?
2, 79
Let h(v) = 2*v + 8. Let g be h(-7). Let t be (-4)/8*g - (-2 + 4). List the prime factors of (-30)/(-75)*(t + -6) - -162.
2, 5
Suppose x = p + 1285, 1199 = 2*x + 4*p - 1395. Sup